2333212 - -10?
-312333202
In base 14, what is 5 + -15506a?
-155065
In base 16, what is 1320 - 3?
131d
In base 4, what is 20 + 102023?
102103
In base 3, what is 101121120 + -20200?
101100220
In base 2, what is -1101111101 - 11111000?
-10001110101
In base 2, what is 11 + -100100010100110?
-100100010100011
In base 2, what is 0 + -10100011010111?
-10100011010111
In base 5, what is -41020 + 23?
-40442
In base 6, what is -5 - -101211?
101202
In base 6, what is 1103 - -11223?
12330
In base 7, what is 23226155 + 0?
23226155
In base 5, what is -123 + -2201211?
-2201334
In base 15, what is 6 + -9d0?
-9c9
In base 13, what is -6a - -105?
68
In base 8, what is 32430 + 17?
32447
In base 12, what is -44b - -458?
9
In base 9, what is 16 + -31652?
-31635
In base 2, what is 101010001100010111 + -101?
101010001100010010
In base 15, what is -10 - 10e21?
-10e31
In base 15, what is a4 - -229?
2cd
In base 6, what is 4341 - -23541?
32322
In base 9, what is -127 + 3804?
3666
In base 14, what is 827b - 0?
827b
In base 9, what is -7251 + 338?
-6812
In base 11, what is 458625 + -5?
458620
In base 2, what is 110100001001010011011 - -1?
110100001001010011100
In base 10, what is 43 - 19755?
-19712
In base 4, what is -31031220 + -2?
-31031222
In base 12, what is 105bb + -5b?
10560
In base 12, what is -9757 + 2?
-9755
In base 6, what is -102 + -120?
-222
In base 6, what is -3025020 + 2?
-3025014
In base 5, what is 13003031 + 0?
13003031
In base 2, what is -101011101011101 - 1100101?
-101011111000010
In base 2, what is 0 + 1101101111100?
1101101111100
In base 14, what is 3 + -10471d?
-10471a
In base 12, what is 324b2 - 62?
32450
In base 4, what is 1032012 + -21?
1031331
In base 7, what is -6431340 - -1?
-6431336
In base 14, what is -64a7 - 2?
-64a9
In base 4, what is 110130 + -1113?
103011
In base 10, what is 5 - 67526?
-67521
In base 7, what is -15144 - -520?
-14324
In base 9, what is -100281 - 4?
-100285
In base 12, what is -14 + 3472?
345a
In base 10, what is -10993 + 6?
-10987
In base 3, what is 1222 - -111010?
120002
In base 7, what is 246 - -54512?
55061
In base 12, what is -771665 + 5?
-771660
In base 4, what is -120 + -32213?
-32333
In base 3, what is 100011210221 - -10?
100011211001
In base 13, what is 24b76 - -1?
24b77
In base 15, what is 4eed - 7?
4ee6
In base 13, what is -3151 - 1?
-3152
In base 9, what is 36587 - 48?
36538
In base 7, what is -1 + 613121?
613120
In base 7, what is 10121 - -261?
10412
In base 14, what is -b - 4194?
-41a1
In base 11, what is -1a2 - 54?
-246
In base 8, what is 164515 - 1?
164514
In base 6, what is -5 - 1331354?
-1331403
In base 9, what is 48 + -12063?
-12014
In base 5, what is -111101014 + 2?
-111101012
In base 14, what is -39d0d - -5?
-39d08
In base 2, what is -11011 + 1000001000110?
1000000101011
In base 10, what is 57 - -102031?
102088
In base 4, what is -103033 - 1030?
-110123
In base 10, what is -500472 + 1?
-500471
In base 12, what is -37 - -5592?
5557
In base 11, what is -3178 - -67?
-3111
In base 12, what is 4615 + -18?
45b9
In base 8, what is -240230 + -6?
-240236
In base 7, what is 3215 - -13?
3231
In base 6, what is -1340213 + -1?
-1340214
In base 2, what is -110101011100111 - -110?
-110101011100001
In base 13, what is 6c + 58?
c7
In base 9, what is -710021 + -5?
-710026
In base 14, what is 3438 + -28?
3410
In base 16, what is -dfe - -b?
-df3
In base 5, what is -4022014 + -3?
-4022022
In base 3, what is 21010100 + 1012?
21011112
In base 11, what is -131 + 4002?
3981
In base 11, what is 8857 + -3?
8854
In base 5, what is -140023443 - -4?
-140023434
In base 16, what is c61 + -1?
c60
In base 4, what is 12120330 - 2221?
12112103
In base 5, what is -2142123 - 2?
-2142130
In base 10, what is 852 - 25?
827
In base 2, what is 100111 - -11110100101101?
11110101010100
In base 12, what is -b6 + 50?
-66
In base 16, what is -57272 + 3?
-5726f
In base 7, what is 5416 - -6234?
14653
In base 9, what is -24554 + 17?
-24536
In base 9, what is 13771 + 6?
13777
In base 5, what is -402322 - -10?
-402312
In base 4, what is 120232 - -1220?
122112
In base 8, what is -155433 - 4?
-155437
In base 7, what is 5535 - 11?
5524
In base 13, what is 21 + 332?
353
In base 15, what is ae + -527?
-468
In base 13, what is -bc5c + 3?
-bc59
In base 6, what is -52430 + -41?
-52511
In base 5, what is 1003031 + 11?
1003042
In base 7, what is -110410 + 0?
-110410
In base 6, what is -15 + -252241?
-252300
In base 7, what is -14 + 126?
112
In base 12, what is 5 + -26274?
-2626b
In base 5, what is 230101 - 1040?
224011
In base 3, what is 2000002122 + 10122?
2000020021
In base 10, what is -91960 - 22?
-91982
In base 13, what is 44c67 - -1?
44c68
In base 14, what is -3c75 + -4c?
-3cc3
In base 14, what is -1a8c4 - -8d?
-1a835
In base 5, what is 4 + 142302?
142311
In base 2, what is 1011 + 1101001000?
1101010011
In base 5, what is -2 + 13321031?
13321024
In base 4, what is -32131 - -11000?
-21131
In base 15, what is 0 - 9e9c?
-9e9c
In base 16, what is -30 - 159?
-189
In base 16, what is 5625 + 2b?
5650
In base 7, what is -221422 + -265?
-222020
In base 12, what is -5 + 32129?
32124
In base 16, what is -44 - -351e?
34da
In base 7, what is 1342334 + -4?
1342330
In base 9, what is -180 - -2242?
2052
In base 14, what is -63abd - -12?
-63aab
In base 10, what is -68 - 881?
-949
In base 13, what is 1 - 3b34c?
-3b34b
In base 16, what is 73c5 + 5?
73ca
In base 2, what is 1111 - -1001001001011?
1001001011010
In base 4, what is -200011 - 103?
-200120
In base 7, what is 23150 + -12?
23135
In base 13, what is 1 - -24136c?
241370
In base 8, what is -41213 - 0?
-41213
In base 16, what is 1b7 - f?
1a8
In base 2, what is 101001 + 1001101100?
1010010101
In base 7, what is 63024454 + 2?
63024456
In base 9, what is -43754 + -5?
-43760
In base 15, what is -3a846 + 2?
-3a844
In base 11, what is 139 + -32?
107
In base 13, what is 41a + 16?
433
In base 2, what is -10100 - 1101101100010?
-1101101110110
In base 15, what is -4 + 6e19?
6e15
In base 14, what is -1c + -15569?
-15587
In base 15, what is 3d0 + 85?
465
In base 10, what is 533 + 58?
591
In base 10, what is -5 + 3582?
3577
In base 15, what is -d7170 - -1?
-d716e
In base 2, what is 10101 + -1010101111000111?
-1010101110110010
In base 12, what is -138b1 + 4?
-138a9
In base 16, what is 26be - 34?
268a
In base 10, what is 91777 + -1?
91776
In base 15, what is -2 + 1d97?
1d95
In base 14, what is 188b7 + 3?
188ba
In base 6, what is -3 + -2431115?
-2431122
In base 15, what is 529 - -6?
530
In base 8, what is 14 + -2333?
-2317
In base 11, what is -47 - -a80?
a34
In base 6, what is -123 - -4310?
4143
In base 8, what is -12 - -3202274?
3202262
In base 6, what is -250514 - 10?
-250524
In base 15, what is -49dc6 - -4?
-49dc2
In base 8, what is -13 + -5722?
-5735
In base 10, what is -18 + 2881?
2863
In base 3, what is -1 + 122000202?
122000201
In base 8, what is -3 + 214151?
214146
In base 4, what is -2 + 10333?
10331
In base 3, what is -20012100121 + 12?
-20012100102
In base 5, what is 13003431 + 10?
13003441
In base 13, what is 521b4 + -3?
521b1
In base 13, what is 1b2a + -5?
1b25
In base 15, what is -99 + -71?
-11a
In base 10, what is 5 + 25697?
25702
In base 5, what is 3430140 - -10?
3430200
In base 8, what is 774 - -16?
1012
In base 11, what is -9a8 + 924?
-84
In base 4, what is -13 - -11221202?
11221123
In base 10, what is 24 + -40070?
-40046
In base 2, what is 1001 + 11011001101011?
11011001110100
In base 14, what is 8a71 - -2d?
8aa0
In base 13, what is 2578 + 173?
271b
In base 6, what is 5051 + 4050?
13141
In base 14, what is 394a9 + 4?
394ad
In base 2, what is -101 + 110010101011000?
110010101010011
In base 3, what is 0 - 12210220221?
-12210220221
In base 15, what is -c + -33b1c?
-33b29
In base 10, what is 1954035 - 0?
1954035
In base 7, what is -26232 - 141?
-26403
In base 9, what is -3284 + -341?
-3635
In base 7, what is 23644102 + 3?
23644105
In base 6, what is -52011451 + -5?
-52011500
In base 6, what is -4 - 114000?
-114004
In base 3, what is -121 + 11000110221?
11000110100
In base 2, what is 1000011 + -110001010010?
-110000001111
In base 4, what is -11332011 + 220?
-11331131
In base 13, what is -3b43c - 5?
-3b444
In base 12, what is -234 - -2525?
22b1
In base 16, what is 4 - -20de6?
20dea
In base 15, what is -665a + -11?
-666b
In bas